{"id":745,"date":"2021-03-13T17:16:09","date_gmt":"2021-03-13T16:16:09","guid":{"rendered":"https:\/\/brigitta-winkelried.com\/?page_id=745"},"modified":"2026-04-15T07:57:46","modified_gmt":"2026-04-15T05:57:46","slug":"ueber-mich","status":"publish","type":"page","link":"https:\/\/brigitta-winkelried.com\/?page_id=745","title":{"rendered":"\u00dcber mich"},"content":{"rendered":"\t\t<div data-elementor-type=\"wp-page\" data-elementor-id=\"745\" class=\"elementor elementor-745\" data-elementor-post-type=\"page\">\n\t\t\t\t\t\t<section class=\"elementor-section elementor-top-section elementor-element elementor-element-5a6c4b24 elementor-section-boxed elementor-section-height-default elementor-section-height-default\" data-id=\"5a6c4b24\" data-element_type=\"section\" data-e-type=\"section\">\n\t\t\t\t\t\t<div class=\"elementor-container elementor-column-gap-default\">\n\t\t\t\t\t<div class=\"elementor-column elementor-col-100 elementor-top-column elementor-element elementor-element-6d62eea1\" data-id=\"6d62eea1\" data-element_type=\"column\" data-e-type=\"column\">\n\t\t\t<div class=\"elementor-widget-wrap elementor-element-populated\">\n\t\t\t\t\t\t<div class=\"elementor-element elementor-element-2b0107bc elementor-widget elementor-widget-text-editor\" data-id=\"2b0107bc\" data-element_type=\"widget\" data-e-type=\"widget\" data-widget_type=\"text-editor.default\">\n\t\t\t\t<div class=\"elementor-widget-container\">\n\t\t\t\t\t\t\t\t\t\n<p>\u00a0<\/p>\n\n<figure class=\"wp-block-embed is-type-video is-provider-youtube wp-block-embed-youtube wp-embed-aspect-16-9 wp-has-aspect-ratio\">\n<div class=\"wp-block-embed__wrapper\"><a href=\"https:\/\/youtu.be\/tiK30u4db70\" rel=\"nofollow\">https:\/\/youtu.be\/tiK30u4db70<\/a><\/div>\n<figcaption class=\"wp-element-caption\">Laufzeit: 5:33<\/figcaption>\n<\/figure>\n\n<h2 style=\"text-align: left;\"><span style=\"color: #ff0000;\"><strong data-rich-text-format-boundary=\"true\">Ich war ein wildes Kind<\/strong><\/span><\/h2>\n<h5><strong>Aufgewachsen bin ich im Bergdorf Fiesch. Mein Familienname lautet Imwinkelried. F\u00fcr mein Pseudonym als Autorin habe ich die ersten zwei Buchstaben weggelassen. Als Brigitta wurde ich getauft.<\/strong><\/h5>\n<h4><strong>Nach der Matura zog es mich in die weite Welt der \u00dcsserschwiiz, wie wir Walliser alle\u00a0 Schweizer ausserhalb unseres Gebietes bezeichnen.<\/strong><\/h4>\n<p>An der renommierten Hochschule in St. Gallen sassen 500 Studierende im 1. Semester f\u00fcr die Vorlesungen im gr\u00f6ssten H\u00f6rsaal! Es gefiel mir nicht. Ein Jahr sp\u00e4ter studierte ich Architektur an der ETH in Z\u00fcrich.<\/p>\n<p>Am Ende meiner \u00abHochschultour\u00bb schloss ich mein Studium in \u00d6konomie an der Uni Bern ab.<\/p>\n\n<figure class=\"wp-block-image size-large is-style-default\"><img fetchpriority=\"high\" decoding=\"async\" data-attachment-id=\"3855\" data-permalink=\"https:\/\/brigitta-winkelried.com\/?attachment_id=3855\" data-orig-file=\"https:\/\/i0.wp.com\/brigitta-winkelried.com\/wp-content\/uploads\/2022\/10\/a8.jpg?fit=1965%2C2620&amp;ssl=1\" data-orig-size=\"1965,2620\" data-comments-opened=\"1\" data-image-meta=\"{&quot;aperture&quot;:&quot;4.8&quot;,&quot;credit&quot;:&quot;&quot;,&quot;camera&quot;:&quot;NIKON D810&quot;,&quot;caption&quot;:&quot;&quot;,&quot;created_timestamp&quot;:&quot;1666946008&quot;,&quot;copyright&quot;:&quot;&quot;,&quot;focal_length&quot;:&quot;58&quot;,&quot;iso&quot;:&quot;400&quot;,&quot;shutter_speed&quot;:&quot;0.0028571428571429&quot;,&quot;title&quot;:&quot;&quot;,&quot;orientation&quot;:&quot;1&quot;}\" data-image-title=\"a8\" data-image-description=\"\" data-image-caption=\"\" data-large-file=\"https:\/\/i0.wp.com\/brigitta-winkelried.com\/wp-content\/uploads\/2022\/10\/a8.jpg?fit=474%2C632&amp;ssl=1\" data-recalc-dims=\"1\" height=\"632\" width=\"474\" class=\"wp-image-3855\" src=\"https:\/\/i0.wp.com\/brigitta-winkelried.com\/wp-content\/uploads\/2022\/10\/a8.jpg?resize=474%2C632&#038;ssl=1\" alt=\"\" srcset=\"https:\/\/i0.wp.com\/brigitta-winkelried.com\/wp-content\/uploads\/2022\/10\/a8.jpg?w=1965&amp;ssl=1 1965w, https:\/\/i0.wp.com\/brigitta-winkelried.com\/wp-content\/uploads\/2022\/10\/a8.jpg?resize=225%2C300&amp;ssl=1 225w, https:\/\/i0.wp.com\/brigitta-winkelried.com\/wp-content\/uploads\/2022\/10\/a8.jpg?resize=768%2C1024&amp;ssl=1 768w, https:\/\/i0.wp.com\/brigitta-winkelried.com\/wp-content\/uploads\/2022\/10\/a8.jpg?resize=1152%2C1536&amp;ssl=1 1152w, https:\/\/i0.wp.com\/brigitta-winkelried.com\/wp-content\/uploads\/2022\/10\/a8.jpg?resize=1536%2C2048&amp;ssl=1 1536w, https:\/\/i0.wp.com\/brigitta-winkelried.com\/wp-content\/uploads\/2022\/10\/a8.jpg?resize=900%2C1200&amp;ssl=1 900w, https:\/\/i0.wp.com\/brigitta-winkelried.com\/wp-content\/uploads\/2022\/10\/a8.jpg?resize=600%2C800&amp;ssl=1 600w, https:\/\/i0.wp.com\/brigitta-winkelried.com\/wp-content\/uploads\/2022\/10\/a8.jpg?resize=300%2C400&amp;ssl=1 300w, https:\/\/i0.wp.com\/brigitta-winkelried.com\/wp-content\/uploads\/2022\/10\/a8.jpg?resize=150%2C200&amp;ssl=1 150w, https:\/\/i0.wp.com\/brigitta-winkelried.com\/wp-content\/uploads\/2022\/10\/a8.jpg?resize=1200%2C1600&amp;ssl=1 1200w, https:\/\/i0.wp.com\/brigitta-winkelried.com\/wp-content\/uploads\/2022\/10\/a8.jpg?resize=1320%2C1760&amp;ssl=1 1320w, https:\/\/i0.wp.com\/brigitta-winkelried.com\/wp-content\/uploads\/2022\/10\/a8.jpg?w=1422&amp;ssl=1 1422w\" sizes=\"(max-width: 474px) 100vw, 474px\" \/><\/figure>\n\n<h3><strong><span style=\"color: #000000;\">W\u00e4hrend dem Studium habe ich zwischendurch immer wieder gearbeitet: als Skilehrerin, Kellnerin usw. Bis 2018 habe ich voller Herzblut unterrichtet: KV- und BM-Lernende.<\/span>\u00a0<\/strong><\/h3>\n\n<div class=\"wp-block-media-text alignwide is-stacked-on-mobile\">\n<figure class=\"wp-block-media-text__media\"><img decoding=\"async\" width=\"3022\" height=\"4031\" data-attachment-id=\"443\" data-permalink=\"https:\/\/brigitta-winkelried.com\/?attachment_id=443\" data-orig-file=\"https:\/\/i0.wp.com\/brigitta-winkelried.com\/wp-content\/uploads\/2021\/03\/mit-androe.jpg?fit=3022%2C4031&amp;ssl=1\" data-orig-size=\"3022,4031\" data-comments-opened=\"1\" data-image-meta=\"{&quot;aperture&quot;:&quot;1.6&quot;,&quot;credit&quot;:&quot;&quot;,&quot;camera&quot;:&quot;iPhone 12 Pro&quot;,&quot;caption&quot;:&quot;&quot;,&quot;created_timestamp&quot;:&quot;1612799575&quot;,&quot;copyright&quot;:&quot;&quot;,&quot;focal_length&quot;:&quot;4.2&quot;,&quot;iso&quot;:&quot;100&quot;,&quot;shutter_speed&quot;:&quot;0.02&quot;,&quot;title&quot;:&quot;&quot;,&quot;orientation&quot;:&quot;1&quot;,&quot;latitude&quot;:&quot;46.31545&quot;,&quot;longitude&quot;:&quot;7.9871888888889&quot;}\" data-image-title=\"mit-androe\" data-image-description=\"\" data-image-caption=\"\" data-large-file=\"https:\/\/i0.wp.com\/brigitta-winkelried.com\/wp-content\/uploads\/2021\/03\/mit-androe.jpg?fit=474%2C632&amp;ssl=1\" data-recalc-dims=\"1\" class=\"wp-image-443 size-full\" src=\"https:\/\/i0.wp.com\/brigitta-winkelried.com\/wp-content\/uploads\/2021\/03\/mit-androe.jpg?w=474&#038;ssl=1\" alt=\"\" \/><\/figure>\n<div class=\"wp-block-media-text__content\">\n<h2 class=\"wp-block-heading\"><mark class=\"has-inline-color has-vivid-cyan-blue-color\" style=\"background-color: rgba(0, 0, 0, 0);\">Andr\u00e9 Escher<\/mark><\/h2>\n\n<p style=\"font-size: 20px;\">Ohne ihn w\u00e4re nie ein Krimi von mir erschienen. Er hat mich bei meinen Buchprojekten unterst\u00fctzt.<\/p>\n\n<h2 class=\"wp-block-heading has-text-align-right\"><mark class=\"has-inline-color\" style=\"background-color: rgba(0, 0, 0, 0); color: #0025a3;\">Dankesch\u00f6n, Andr\u00e9!<\/mark><\/h2>\n<\/div>\n<\/div>\n\n<h2 class=\"wp-block-heading\"><mark class=\"has-inline-color has-vivid-red-color\" style=\"background-color: rgba(0, 0, 0, 0);\">Meine Hobbys<\/mark><\/h2>\n\n<div class=\"wp-block-jetpack-layout-grid alignfull column1-desktop-grid__span-4 column1-desktop-grid__row-1 column2-desktop-grid__span-4 column2-desktop-grid__start-5 column2-desktop-grid__row-1 column3-desktop-grid__span-4 column3-desktop-grid__start-9 column3-desktop-grid__row-1 column1-tablet-grid__span-4 column1-tablet-grid__row-1 column2-tablet-grid__span-4 column2-tablet-grid__start-5 column2-tablet-grid__row-1 column3-tablet-grid__span-8 column3-tablet-grid__row-2 column1-mobile-grid__span-4 column1-mobile-grid__row-1 column2-mobile-grid__span-4 column2-mobile-grid__row-2 column3-mobile-grid__span-4 column3-mobile-grid__row-3 wp-block-jetpack-layout-gutter__nowrap\">\n<div class=\"wp-block-jetpack-layout-grid-column wp-block-jetpack-layout-grid__padding-none\">\n<figure class=\"wp-block-image size-large\"><img decoding=\"async\" width=\"2585\" height=\"1577\" data-attachment-id=\"536\" data-permalink=\"https:\/\/brigitta-winkelried.com\/?attachment_id=536\" data-orig-file=\"https:\/\/i0.wp.com\/brigitta-winkelried.com\/wp-content\/uploads\/2021\/03\/winki-mit-stativ-3.jpg?fit=2585%2C1577&amp;ssl=1\" data-orig-size=\"2585,1577\" data-comments-opened=\"1\" data-image-meta=\"{&quot;aperture&quot;:&quot;0&quot;,&quot;credit&quot;:&quot;Brigitte Imwinkelried&quot;,&quot;camera&quot;:&quot;&quot;,&quot;caption&quot;:&quot;&quot;,&quot;created_timestamp&quot;:&quot;1614959589&quot;,&quot;copyright&quot;:&quot;&quot;,&quot;focal_length&quot;:&quot;0&quot;,&quot;iso&quot;:&quot;0&quot;,&quot;shutter_speed&quot;:&quot;0&quot;,&quot;title&quot;:&quot;&quot;,&quot;orientation&quot;:&quot;0&quot;}\" data-image-title=\"winki-mit-stativ-3\" data-image-description=\"\" data-image-caption=\"\" data-large-file=\"https:\/\/i0.wp.com\/brigitta-winkelried.com\/wp-content\/uploads\/2021\/03\/winki-mit-stativ-3.jpg?fit=474%2C289&amp;ssl=1\" data-recalc-dims=\"1\" class=\"wp-image-536\" src=\"https:\/\/i0.wp.com\/brigitta-winkelried.com\/wp-content\/uploads\/2021\/03\/winki-mit-stativ-3.jpg?w=474&#038;ssl=1\" alt=\"\" \/><\/figure>\n<\/div>\n\n<div class=\"wp-block-jetpack-layout-grid-column wp-block-jetpack-layout-grid__padding-none\">\n<figure class=\"wp-block-image size-large\"><img loading=\"lazy\" decoding=\"async\" width=\"2098\" height=\"1400\" data-attachment-id=\"613\" data-permalink=\"https:\/\/brigitta-winkelried.com\/?attachment_id=613\" data-orig-file=\"https:\/\/i0.wp.com\/brigitta-winkelried.com\/wp-content\/uploads\/2021\/03\/brig_brigitte_iwr_2021_03_12_16.jpg?fit=2098%2C1400&amp;ssl=1\" data-orig-size=\"2098,1400\" data-comments-opened=\"1\" data-image-meta=\"{&quot;aperture&quot;:&quot;5.6&quot;,&quot;credit&quot;:&quot;&quot;,&quot;camera&quot;:&quot;NIKON D810&quot;,&quot;caption&quot;:&quot;&quot;,&quot;created_timestamp&quot;:&quot;1615543331&quot;,&quot;copyright&quot;:&quot;&quot;,&quot;focal_length&quot;:&quot;70&quot;,&quot;iso&quot;:&quot;100&quot;,&quot;shutter_speed&quot;:&quot;0.0055555555555556&quot;,&quot;title&quot;:&quot;&quot;,&quot;orientation&quot;:&quot;1&quot;}\" data-image-title=\"brig_brigitte_iwr_2021_03_12_16\" data-image-description=\"\" data-image-caption=\"\" data-large-file=\"https:\/\/i0.wp.com\/brigitta-winkelried.com\/wp-content\/uploads\/2021\/03\/brig_brigitte_iwr_2021_03_12_16.jpg?fit=474%2C316&amp;ssl=1\" data-recalc-dims=\"1\" class=\"wp-image-613\" src=\"https:\/\/i0.wp.com\/brigitta-winkelried.com\/wp-content\/uploads\/2021\/03\/brig_brigitte_iwr_2021_03_12_16.jpg?w=474&#038;ssl=1\" alt=\"\" \/><\/figure>\n<\/div>\n\n<div class=\"wp-block-jetpack-layout-grid-column wp-block-jetpack-layout-grid__padding-none\">\n<figure class=\"wp-block-image size-large\"><img loading=\"lazy\" decoding=\"async\" width=\"2098\" height=\"1400\" data-attachment-id=\"636\" data-permalink=\"https:\/\/brigitta-winkelried.com\/?attachment_id=636\" data-orig-file=\"https:\/\/i0.wp.com\/brigitta-winkelried.com\/wp-content\/uploads\/2021\/03\/brig_brigitte_iwr_2021_03_12_05.jpg?fit=2098%2C1400&amp;ssl=1\" data-orig-size=\"2098,1400\" data-comments-opened=\"1\" data-image-meta=\"{&quot;aperture&quot;:&quot;5.6&quot;,&quot;credit&quot;:&quot;&quot;,&quot;camera&quot;:&quot;NIKON D810&quot;,&quot;caption&quot;:&quot;&quot;,&quot;created_timestamp&quot;:&quot;1615542878&quot;,&quot;copyright&quot;:&quot;&quot;,&quot;focal_length&quot;:&quot;52&quot;,&quot;iso&quot;:&quot;100&quot;,&quot;shutter_speed&quot;:&quot;0.0055555555555556&quot;,&quot;title&quot;:&quot;&quot;,&quot;orientation&quot;:&quot;1&quot;}\" data-image-title=\"brig_brigitte_iwr_2021_03_12_05\" data-image-description=\"\" data-image-caption=\"\" data-large-file=\"https:\/\/i0.wp.com\/brigitta-winkelried.com\/wp-content\/uploads\/2021\/03\/brig_brigitte_iwr_2021_03_12_05.jpg?fit=474%2C316&amp;ssl=1\" data-recalc-dims=\"1\" class=\"wp-image-636\" src=\"https:\/\/i0.wp.com\/brigitta-winkelried.com\/wp-content\/uploads\/2021\/03\/brig_brigitte_iwr_2021_03_12_05.jpg?w=474&#038;ssl=1\" alt=\"\" \/><\/figure>\n<\/div>\n<\/div>\n\n<div class=\"wp-block-jetpack-layout-grid alignfull column1-desktop-grid__span-4 column1-desktop-grid__row-1 column2-desktop-grid__span-4 column2-desktop-grid__start-5 column2-desktop-grid__row-1 column3-desktop-grid__span-4 column3-desktop-grid__start-9 column3-desktop-grid__row-1 column1-tablet-grid__span-4 column1-tablet-grid__row-1 column2-tablet-grid__span-4 column2-tablet-grid__start-5 column2-tablet-grid__row-1 column3-tablet-grid__span-8 column3-tablet-grid__row-2 column1-mobile-grid__span-4 column1-mobile-grid__row-1 column2-mobile-grid__span-4 column2-mobile-grid__row-2 column3-mobile-grid__span-4 column3-mobile-grid__row-3 wp-block-jetpack-layout-gutter__nowrap\">\n<div class=\"wp-block-jetpack-layout-grid-column wp-block-jetpack-layout-grid__padding-none\">\n<figure class=\"wp-block-image size-large\"><img loading=\"lazy\" decoding=\"async\" width=\"2056\" height=\"2742\" data-attachment-id=\"559\" data-permalink=\"https:\/\/brigitta-winkelried.com\/?attachment_id=559\" data-orig-file=\"https:\/\/i0.wp.com\/brigitta-winkelried.com\/wp-content\/uploads\/2021\/03\/mit-eschi-2.jpg?fit=2056%2C2742&amp;ssl=1\" data-orig-size=\"2056,2742\" data-comments-opened=\"1\" data-image-meta=\"{&quot;aperture&quot;:&quot;1.8&quot;,&quot;credit&quot;:&quot;&quot;,&quot;camera&quot;:&quot;iPhone 11 Pro&quot;,&quot;caption&quot;:&quot;&quot;,&quot;created_timestamp&quot;:&quot;1596969277&quot;,&quot;copyright&quot;:&quot;&quot;,&quot;focal_length&quot;:&quot;4.25&quot;,&quot;iso&quot;:&quot;32&quot;,&quot;shutter_speed&quot;:&quot;0.001131221719457&quot;,&quot;title&quot;:&quot;&quot;,&quot;orientation&quot;:&quot;0&quot;,&quot;latitude&quot;:&quot;46.335788888889&quot;,&quot;longitude&quot;:&quot;8.0448527777778&quot;}\" data-image-title=\"mit-eschi-2\" data-image-description=\"\" data-image-caption=\"\" data-large-file=\"https:\/\/i0.wp.com\/brigitta-winkelried.com\/wp-content\/uploads\/2021\/03\/mit-eschi-2.jpg?fit=474%2C632&amp;ssl=1\" data-recalc-dims=\"1\" class=\"wp-image-559\" src=\"https:\/\/i0.wp.com\/brigitta-winkelried.com\/wp-content\/uploads\/2021\/03\/mit-eschi-2.jpg?w=474&#038;ssl=1\" alt=\"\" \/><\/figure>\n<\/div>\n\n<div class=\"wp-block-jetpack-layout-grid-column wp-block-jetpack-layout-grid__padding-none\">\n<figure class=\"wp-block-image size-large\"><img loading=\"lazy\" decoding=\"async\" width=\"2894\" height=\"3930\" data-attachment-id=\"768\" data-permalink=\"https:\/\/brigitta-winkelried.com\/?attachment_id=768\" data-orig-file=\"https:\/\/i0.wp.com\/brigitta-winkelried.com\/wp-content\/uploads\/2021\/03\/winki-am-greifenseelauf-2010.jpg?fit=2894%2C3930&amp;ssl=1\" data-orig-size=\"2894,3930\" data-comments-opened=\"1\" data-image-meta=\"{&quot;aperture&quot;:&quot;0&quot;,&quot;credit&quot;:&quot;&quot;,&quot;camera&quot;:&quot;&quot;,&quot;caption&quot;:&quot;&quot;,&quot;created_timestamp&quot;:&quot;1290416706&quot;,&quot;copyright&quot;:&quot;&quot;,&quot;focal_length&quot;:&quot;0&quot;,&quot;iso&quot;:&quot;0&quot;,&quot;shutter_speed&quot;:&quot;0&quot;,&quot;title&quot;:&quot;&quot;,&quot;orientation&quot;:&quot;1&quot;}\" data-image-title=\"winki-am-greifenseelauf-2010\" data-image-description=\"\" data-image-caption=\"\" data-large-file=\"https:\/\/i0.wp.com\/brigitta-winkelried.com\/wp-content\/uploads\/2021\/03\/winki-am-greifenseelauf-2010.jpg?fit=474%2C644&amp;ssl=1\" data-recalc-dims=\"1\" class=\"wp-image-768\" src=\"https:\/\/i0.wp.com\/brigitta-winkelried.com\/wp-content\/uploads\/2021\/03\/winki-am-greifenseelauf-2010.jpg?w=474&#038;ssl=1\" alt=\"\" \/><\/figure>\n<\/div>\n\n<div class=\"wp-block-jetpack-layout-grid-column wp-block-jetpack-layout-grid__padding-none\">\n<figure class=\"wp-block-image size-large\"><img loading=\"lazy\" decoding=\"async\" width=\"749\" height=\"1038\" data-attachment-id=\"542\" data-permalink=\"https:\/\/brigitta-winkelried.com\/?attachment_id=542\" data-orig-file=\"https:\/\/i0.wp.com\/brigitta-winkelried.com\/wp-content\/uploads\/2021\/03\/langlauf-goms.jpg?fit=749%2C1038&amp;ssl=1\" data-orig-size=\"749,1038\" data-comments-opened=\"1\" data-image-meta=\"{&quot;aperture&quot;:&quot;1.6&quot;,&quot;credit&quot;:&quot;&quot;,&quot;camera&quot;:&quot;iPhone 12 Pro&quot;,&quot;caption&quot;:&quot;&quot;,&quot;created_timestamp&quot;:&quot;1614514106&quot;,&quot;copyright&quot;:&quot;&quot;,&quot;focal_length&quot;:&quot;4.2&quot;,&quot;iso&quot;:&quot;32&quot;,&quot;shutter_speed&quot;:&quot;7.5001875046876E-5&quot;,&quot;title&quot;:&quot;&quot;,&quot;orientation&quot;:&quot;1&quot;,&quot;latitude&quot;:&quot;46.483477777778&quot;,&quot;longitude&quot;:&quot;8.2667833333333&quot;}\" data-image-title=\"langlauf-goms\" data-image-description=\"\" data-image-caption=\"\" data-large-file=\"https:\/\/i0.wp.com\/brigitta-winkelried.com\/wp-content\/uploads\/2021\/03\/langlauf-goms.jpg?fit=474%2C657&amp;ssl=1\" data-recalc-dims=\"1\" class=\"wp-image-542\" src=\"https:\/\/i0.wp.com\/brigitta-winkelried.com\/wp-content\/uploads\/2021\/03\/langlauf-goms.jpg?w=474&#038;ssl=1\" alt=\"\" \/><\/figure>\n<\/div>\n<\/div>\n\n<p>Ich bin Mitglied von <strong>Krimi Schweiz<\/strong>, dem <strong>Verein f\u00fcr schweizerische Kriminalliteratur<\/strong>. <em>Krimi Schweiz verbindet alle AutorenInnen von Kriminalliteratur der Schweiz, vernetzt diese untereinander und f\u00f6rdert ihr Schaffen in jeder Hinsicht.<\/em><\/p>\n\n<p>Ich bin Mitglied der <strong>WAdS, der Vereinigung der Walliser Autorinnen und Autoren deutscher Sprache<\/strong>.<\/p>\n\n<p>Von der Generalversammlung der WAdS 2023 kannst du dir hier ein Bild machen. Dazu habe ich ein Video erstellt. Viel Spass beim Zuschauen.<\/p>\n\n<figure class=\"wp-block-embed is-type-video is-provider-youtube wp-block-embed-youtube wp-embed-aspect-16-9 wp-has-aspect-ratio\">\n<div class=\"wp-block-embed__wrapper\"><a href=\"https:\/\/youtu.be\/S4TS3HsSwQI\" rel=\"nofollow\">https:\/\/youtu.be\/S4TS3HsSwQI<\/a><\/div>\n<\/figure>\n\t\t\t\t\t\t\t\t<\/div>\n\t\t\t\t<\/div>\n\t\t\t\t\t<\/div>\n\t\t<\/div>\n\t\t\t\t\t<\/div>\n\t\t<\/section>\n\t\t\t\t<\/div>\n\t\t","protected":false},"excerpt":{"rendered":"<p>\u00a0 Ich war ein wildes Kind Aufgewachsen bin ich im Bergdorf Fiesch. Mein Familienname lautet Imwinkelried. F\u00fcr mein Pseudonym als Autorin habe ich die ersten zwei Buchstaben weggelassen. Als Brigitta wurde ich getauft. Nach der Matura zog es mich in die weite Welt der \u00dcsserschwiiz, wie wir Walliser alle\u00a0 Schweizer ausserhalb unseres Gebietes bezeichnen. An &hellip; <a href=\"https:\/\/brigitta-winkelried.com\/?page_id=745\" class=\"more-link\"><span class=\"screen-reader-text\">\u00dcber mich<\/span> weiterlesen <span class=\"meta-nav\">&rarr;<\/span><\/a><\/p>\n","protected":false},"author":201897328,"featured_media":0,"parent":0,"menu_order":0,"comment_status":"closed","ping_status":"closed","template":"","meta":{"_coblocks_attr":"","_coblocks_dimensions":"","_coblocks_responsive_height":"","_coblocks_accordion_ie_support":"","advanced_seo_description":"","jetpack_seo_html_title":"","jetpack_seo_noindex":false,"footnotes":""},"class_list":["post-745","page","type-page","status-publish","hentry"],"jetpack_likes_enabled":true,"jetpack_sharing_enabled":true,"jetpack_shortlink":"https:\/\/wp.me\/PcPqgc-c1","_links":{"self":[{"href":"https:\/\/brigitta-winkelried.com\/index.php?rest_route=\/wp\/v2\/pages\/745","targetHints":{"allow":["GET"]}}],"collection":[{"href":"https:\/\/brigitta-winkelried.com\/index.php?rest_route=\/wp\/v2\/pages"}],"about":[{"href":"https:\/\/brigitta-winkelried.com\/index.php?rest_route=\/wp\/v2\/types\/page"}],"author":[{"embeddable":true,"href":"https:\/\/brigitta-winkelried.com\/index.php?rest_route=\/wp\/v2\/users\/201897328"}],"replies":[{"embeddable":true,"href":"https:\/\/brigitta-winkelried.com\/index.php?rest_route=%2Fwp%2Fv2%2Fcomments&post=745"}],"version-history":[{"count":61,"href":"https:\/\/brigitta-winkelried.com\/index.php?rest_route=\/wp\/v2\/pages\/745\/revisions"}],"predecessor-version":[{"id":8810,"href":"https:\/\/brigitta-winkelried.com\/index.php?rest_route=\/wp\/v2\/pages\/745\/revisions\/8810"}],"wp:attachment":[{"href":"https:\/\/brigitta-winkelried.com\/index.php?rest_route=%2Fwp%2Fv2%2Fmedia&parent=745"}],"curies":[{"name":"wp","href":"https:\/\/api.w.org\/{rel}","templated":true}]}}